
Let x(r) = -2*r**3 - r**2 - 3*r - 90. What is x(0)?
-90
Let q(x) = -5*x**2 - 46*x + 29. Give q(-10).
-11
Let y(h) = h**3 - 21*h**2 + 53*h + 15. What is y(18)?
-3
Let o(d) = -43*d - 3606. Give o(-84).
6
Let p(q) = -3*q**2 - 505*q + 14934. Calculate p(-194).
-4
Let b(d) = 32*d + 1133. Give b(-37).
-51
Let g(j) = -j**3 - 4*j**2 + 11*j - 5. Determine g(-6).
1
Let i(u) = u**3 + 4*u**2 - 92*u - 27. What is i(8)?
5
Let n(s) = 128*s**3 + 766*s**2 - 10*s - 4. Calculate n(-6).
-16
Let o(q) = q**2 + 5468*q + 16400. Determine o(-3).
5
Let g(l) = 2*l**2 + 31*l - 88. Determine g(-17).
-37
Let w(o) = -906*o + 1. What is w(0)?
1
Let c(u) = 3915*u + 7817. What is c(-2)?
-13
Let o(r) = 2*r**2 - 3*r - 79. Calculate o(7).
-2
Let j(i) = 5*i**2 + 49*i + 38. Calculate j(-10).
48
Let m(i) = i**3 - 30*i**2 - 2*i + 65. Calculate m(30).
5
Let x(v) = -1172*v - 8186. Determine x(-7).
18
Let r(b) = -b**3 + 56*b**2 - 48*b - 5849. Calculate r(53).
34
Let h(s) = 18*s**2 + 770*s - 173. Give h(-43).
-1
Let o(z) = -5*z**2 + 20*z - 13. Determine o(3).
2
Let r(o) = 2*o**3 + 6*o**2 + 143*o + 561. Determine r(-4).
-43
Let l(n) = 26*n**2 - 34*n + 106. What is l(3)?
238
Let d(m) = -5*m + 133. Determine d(-9).
178
Let b(m) = m**3 + 29*m**2 + 36*m - 590. Calculate b(-27).
-104
Let u(x) = -x**3 + 51*x**2 - 35*x - 964. Determine u(50).
-214
Let q(f) = f**2 - 803*f - 45367. Calculate q(-53).
1
Let d(i) = -3*i**2 - 208*i - 618. Determine d(-67).
-149
Let t(m) = -m**2 - 154*m - 1967. What is t(-14)?
-7
Let b(g) = 4*g**3 + 13*g**2 + 3*g + 47. What is b(-4)?
-13
Let v(d) = 6*d**2 + 37*d + 39. What is v(-5)?
4
Let n(i) = -i**3 + i**2 + 15*i + 6. Give n(-5).
81
Let j(r) = -31*r + 294. Give j(7).
77
Let p(t) = t**3 - 8*t**2 - 31*t - 2. Determine p(9).
-200
Let v(c) = -2*c**3 + 103*c**2 - 46*c - 248. Calculate v(51).
7
Let v(m) = m**3 - 145*m**2 + 288*m - 308. What is v(143)?
-22
Let s(h) = h**3 + 42*h**2 - 46*h - 7. Give s(-43).
122
Let p(s) = 56*s**2 - 1963*s + 106. Give p(35).
1
Let z(b) = -120*b + 1542. Determine z(14).
-138
Let f(t) = -t**2 + 131*t - 3488. Calculate f(94).
-10
Let p(t) = 24*t - 95. What is p(7)?
73
Let y(g) = -405*g - 6478. Give y(-16).
2
Let j(m) = m**3 - 37*m**2 - 11*m + 102. Give j(37).
-305
Let x(c) = -4*c**3 + 3*c**2 + 14*c - 32. Give x(2).
-24
Let i(w) = -6*w**2 + 96*w + 104. What is i(17)?
2
Let k(x) = 5*x**2 - 35*x + 32. Give k(13).
422
Let y(i) = -i**3 + 20*i**2 - 81*i - 185. Give y(12).
-5
Let k(d) = d**3 - 14*d**2 - 329*d - 200. Calculate k(-12).
4
Let l(m) = m**3 + 40*m**2 + 2*m + 146. Calculate l(-40).
66
Let x(b) = 19*b + 480. What is x(-26)?
-14
Let a(c) = -c**2 + 295*c - 875. Calculate a(3).
1
Let s(b) = -2*b**3 - 149*b**2 + 215*b - 992. Calculate s(-76).
-4
Let l(q) = -q**2 + 35*q + 168. What is l(39)?
12
Let x(z) = -z**3 + 10*z**2 + 109*z - 53. Determine x(-7).
17
Let f(n) = -n**2 - 12*n - 16. Give f(-3).
11
Let j(p) = -14*p + 36. What is j(-22)?
344
Let y(f) = 5*f**3 + 7*f**2 + 92*f + 251. Give y(-3).
-97
Let g(n) = 75*n - 247. What is g(3)?
-22
Let z(w) = w**3 + 12*w**2 + 51*w + 212. Give z(-9).
-4
Let f(d) = -42*d + 772. Give f(6).
520
Let q(o) = -o**2 + 30*o - 115. Give q(19).
94
Let c(n) = 711*n - 57574. Give c(81).
17
Let l(u) = u**3 + 9*u**2 - 271*u - 91. Determine l(-21).
308
Let w(q) = -477*q + 167. What is w(1)?
-310
Let c(d) = -2*d**2 + 45*d + 2093. What is c(-23)?
0
Let m(f) = -f**2 - 19. Give m(8).
-83
Let s(r) = -7*r**3 + 18*r**2 - 6*r. Give s(2).
4
Let m(o) = -o**3 + o**2 + 12*o - 31. Give m(4).
-31
Let n(m) = 2*m**3 + 8*m**2 + 47*m + 285. Calculate n(-8).
-603
Let x(l) = -l**3 + 29*l**2 - 18*l + 550. Determine x(29).
28
Let j(t) = 3*t**3 + 474*t**2 + 2298*t + 456. Determine j(-153).
-3
Let g(v) = 189*v + 1892. Calculate g(-10).
2
Let w(d) = -d**2 + 20*d - 10. Give w(13).
81
Let v(y) = -2*y**3 + 23*y**2 + 23*y + 31. Calculate v(13).
-177
Let i(b) = -280*b - 525. What is i(0)?
-525
Let i(h) = -420*h - 16383. Calculate i(-39).
-3
Let v(b) = 113*b**2 + 8927*b + 6. Give v(-79).
6
Let w(b) = -73*b**2 - 4162*b - 63. Determine w(-57).
-6
Let l(y) = 695*y + 3270. Determine l(-5).
-205
Let t(o) = 60*o**2 + 417*o + 4. What is t(-7)?
25
Let u(w) = 106*w**2 + w + 84. Determine u(0).
84
Let n(p) = -3*p**3 + 8*p**2 - 2*p - 2. Calculate n(3).
-17
Let y(o) = -154*o + 800. Calculate y(5).
30
Let w(d) = -69*d + 5321. Give w(76).
77
Let d(m) = 189*m + 38. What is d(-1)?
-151
Let q(j) = 2*j**2 + 22*j + 109. What is q(-13)?
161
Let a(x) = 2303*x - 75995. Calculate a(33).
4
Let a(k) = -k**3 - 17*k**2 + 34*k + 3. Determine a(-17).
-575
Let f(x) = 177*x + 2287. Calculate f(-13).
-14
Let i(g) = -2*g**2 + 40*g + 446. Determine i(-8).
-2
Let m(v) = 43*v + 464. What is m(-13)?
-95
Let q(g) = 20*g**2 - 4420*g - 3. Determine q(221).
-3
Let o(a) = -101*a + 2134. What is o(21)?
13
Let t(q) = q**2 - 239*q + 9709. Give t(187).
-15
Let r(x) = -61*x**3 - 8*x**2 + 19*x - 1. Give r(2).
-483
Let j(u) = -13*u**2 - 81*u + 188. Determine j(-8).
4
Let h(p) = 6*p**2 - 41*p - 373. Give h(-6).
89
Let f(n) = -37*n - 98. Calculate f(-7).
161
Let a(p) = -644*p - 135. Determine a(-1).
509
Let i(u) = 2*u**2 - 19*u + 5. Calculate i(13).
96
Let m(n) = n**3 - 18*n**2 - 15*n + 224. What is m(19)?
300
Let i(a) = 2*a**3 + 111*a**2 - 54*a + 109. Calculate i(-56).
-3
Let f(t) = 14*t**2 + 954*t + 146. What is f(-68)?
10
Let x(f) = -3*f**2 + 123*f - 821. Determine x(33).
-29
Let o(k) = 2*k**3 - 24*k**2 - 54*k + 43. What is o(14)?
71
Let l(k) = 198*k + 15845. Determine l(-80).
5
Let k(y) = -4*y**2 - 21*y - 60. Determine k(-4).
-40
Let s(n) = 322*n - 9071. What is s(28)?
-55
Let l(d) = -3*d**2 + 8*d + 233. What is l(9)?
62
Let u(s) = s**3 + 9*s**2 + 17*s + 2. Determine u(-5).
17
Let b(l) = l**3 - 17*l**2 + 34*l - 40. What is b(16)?
248
Let r(n) = -843*n - 10123. Determine r(-12).
-7
Let l(g) = 5*g**3 + 5*g**2 - 6*g + 2. Give l(2).
50
Let f(q) = -2*q**2 - 240*q + 1763. Calculate f(-127).
-15
Let u(n) = 77*n + 2254. Give u(-31).
-133
Let o(i) = 42*i + 887. Determine o(-21).
5
Let p(a) = 3*a**3 - 78*a**2 + 2*a - 4. Determine p(26).
48
Let c(s) = 167*s - 15. Give c(0).
-15
Let t(n) = -n**3 + 19*n**2 + 38*n - 245. Calculate t(20).
115
Let i(y) = 16*y**2 - 18*y - 199. What is i(-3)?
-1
Let x(b) = -b**3 - 13*b**2 - 2*b + 39. Calculate x(-8).
-265
Let z(b) = -60*b + 957. What is z(16)?
-3
Let t(o) = o**3 - o**2 + o - 487. Determine t(0).
-487
Let d(i) = -i**3 + 13*i**2 - 36*i - 26. Give d(11).
-180
Let a(w) = -4*w**3 - 84*w**2 + 6*w - 7. Calculate a(-21).
-133
Let d(f) = -14*f**3 + 141*f**2 + 12*f - 31. Determine d(10).
189
Let v(b) = b**2 - 25*b + 103. Determine v(6).
-11
Let a(d) = -2*d**3 - 7*d**2 - 10*d + 8. Give a(-5).
133
Let c(g) = -8*g - 215. Give c(-22).
-39
Let o(q) = q**3 - 57*q**2 - 175*q - 263. Give o(60).
37
Let n(h) = -h**3 - 137*h**2 + 852*h - 834. What is n(-143)?
24
Let j(l) = -21*l**2 + 199*l - 1146. Calculate j(6).
-708
Let h(u) = u**2 + 17*u + 84. What is h(-9)?
12
Let b(h) = 366*h + 4759. Calculate b(-13).
1
Let b(g) = 71*g - 1111. Calculate b(16).
25
Let g(d) = 3*d**2 - 15*d + 30. Calculate g(2).
12
Let v(d) = -d**2 + 32*d - 300. What is v(16)?
-44
Let s(t) = -t**3 - 15*t**2 - 62*t - 9. Calculate s(-6).
39
Let z(v) = v**2 - 30*v + 167. Determine z(5).
42
Let u(b) = 4*b**2 + 15*b + 25. What is u(-7)?
116
Let m(u) = -2*u**3 + 23*u**2 + 102*u + 9. Determine m(13).
828
Let h(p) = -2*p**3 + 23*p**2 + 8*p - 81. Determine h(11).
128
Let m(i) = 2*i**2 + 13*i - 8091. Calculate m(-67).
16
Let r(p) = 3*p**3 - 2*p**2 + 16*p - 23. Give r(2).
25
Let n(q) = 706*q + 4948. Calculate n(-7).
6
Let c(q) = 319*q - 5952. What is c(20)?
428
Let b(p) = 2*p**2 + 27*p + 101. Determine b(-12).
65
Let b(u) = 16*u - 285. Determine b(6).
-189
Let z(o) = 150*o + 143. Determine z(-1).
-7
Let t(f) = -f**3 + 2335*f**2 + 63775*f + 39. Give t(-27).
12
Let x(k) = -462*k - 17548. What is x(-38)?
8
Let t(g) = g + 202. What is t(-17)?
185
Let t(x) = -9*x + 428. Give t(47).
5
Let l(t) = t**3 - 37*t**2 + 320*t + 38. Give l(23).
-8
Let c(d) = 14201*d - 28406. Calculate c(2).
-4
Let u(r) = -r**3 + 6*r**2 - 2*r + 40. Give u(8).
-104
Let r(d) = -5*d**2 + 7*d + 26. Determine r(-4).
-82
Let k(m) = -m**2 - 41*m - 68. Determine k(-31).
242
Let v(z) = z**2 - 49*z + 415. Determine v(11).
-3
Let t(d) = -332*d + 2358. Determine t(7).
34
